= 3*k(v) - x(v). Let b be (2 - 3)/((-1)/4). Let f = b - 3. Calculate y(f).
-5
Let b(k) = -4*k**2 - 1. Let o(y) = -2*y**3 + y**2 + 2*y - 2. Let r be o(1). Give b(r).
-5
Let i(b) be the third derivative of b**7/720 - b**6/360 + b**5/15 - 3*b**2. Let n(p) be the third derivative of i(p). Give n(2).
12
Suppose 0*i + t = 2*i - 11, -5*t = -2*i + 23. Let a(v) be the third derivative of 0 - 2*v**2 + 0*v**3 - 1/24*v**i + 0*v. Calculate a(-5).
5
Let n(g) = -g**3 + g**2 - 32. Suppose -8 = -7*o + 3*o - 4*q, 2*o = q - 2. Determine n(o).
-32
Let l(o) = -o**3 + 6*o**2 - 2. Suppose -36 = -5*p + 6*d - 3*d, 5*p - 4*d - 38 = 0. Determine l(p).
-2
Let a = -5 + 2. Let w = a - -7. Let s be (4/6)/(w/6). Let c(v) = -5*v**3 + 2*v**2 - v. Give c(s).
-4
Let m(z) = z + 2. Let k = 0 - -2. Suppose -v + 2 = o, -5*o = v - k*v - 10. Suppose -o*t = -4*t. What is m(t)?
2
Suppose w + 3*o - 14 = 0, 2*w - 1 = -2*w - o. Let r = 2 + w. Let n(v) be the third derivative of -v**5/60 - v**3/6 - v**2. Determine n(r).
-2
Let o(i) = -i**2 + 5*i - 1. Let x(s) = s + 18. Let q(r) = 2*r + 27. Suppose -2*g + 6 + 4 = 0. Let p(h) = g*q(h) - 8*x(h). Let j be p(7). Determine o(j).
-1
Suppose -4 - 2 = -2*m. Let i(a) = 9*a**2 + 3*a + 2. Let w(s) = -4*s**2 - s - 1. Let o(h) = -3*i(h) - 7*w(h). Calculate o(m).
4
Suppose 3 + 25 = 4*k + 4*p, -4*k + 8 = -p. Let i(w) = -w**k + 5*w**3 + 2 - 7 - 5*w**2 - 3*w**3. Calculate i(5).
-5
Let z(c) = c - 1. Let i(t) = -6*t + 8. Let h(b) = -i(b) - 5*z(b). Suppose 5*m - f + 0 = 2, m = 4*f - 11. Suppose v - 3 - m = 0. Calculate h(v).
1
Let i(m) = 2*m**3 + m**2 + m - 1. Let l be i(1). Let t be 1/1 + (0 - -2). Let p(d) = -4*d**2 + 3*d**3 + d**3 - 3*d**3 + t. What is p(l)?
-6
Let c(v) = -v**3 + v**2 + 6*v + 1. Let m be c(3). Suppose 6*j - 5*x - 34 = 2*j, -4*j + 14 = 5*x. Let w(y) = j + m + y + 4 + 1. Calculate w(-6).
6
Let j be (-1)/2*-2 + -5. Let b = j + -4. Let n(q) = 2*q**3 + 8*q**2 - 7*q - 1. Let u(m) = 5*m**3 + 23*m**2 - 20*m - 4. Let l(a) = b*n(a) + 3*u(a). What is l(4)?
-4
Let s be 68/255 + 2/5. Let i(c) be the second derivative of s*c**3 + 3/2*c**2 + 1/12*c**4 + 3*c + 0. Determine i(-3).
0
Let h(m) = 3*m**2 + 12*m + 6. Let c(a) = -7*a**2 - 25*a - 13. Let p(u) = 2*c(u) + 5*h(u). Determine p(-7).
-17
Let q(z) be the first derivative of z**3/3 - 4*z**2 + 9*z + 12. Give q(6).
-3
Let a = -5 - -9. Suppose a + 5 = 3*b + 2*l, -4*l = -3*b + 9. Suppose -4*r + 2 = -i - b, i - 2*r = -5. Let y(f) = f**2 + 5*f + 3. What is y(i)?
3
Let q(k) = -8*k**3 + 2*k**2 - 1. Let h(c) = c**3 + 9*c**2 - 8*c + 19. Let n be h(-10). Give q(n).
9
Let u = -17 + 11. Let q(f) = -1. Let v(b) = 2*b - 4. Let r(o) = u*q(o) + 2*v(o). Calculate r(2).
6
Let v(q) = -2*q - 1. Let y(a) = -3*a - 1. Let c(k) = -8*v(k) + 5*y(k). Let z be (-2 - -3 - -4)/(-1). Calculate c(z).
-2
Let h(r) be the third derivative of r**6/120 + r**5/60 - r**4/24 + r**3/6 - r**2. Let z(p) = p**2 + 7*p - 4. Let m be z(-7). Let w = 5 + m. What is h(w)?
2
Let j(s) = s**3 - 5*s**2 + 2*s - 7. Let y be j(5). Let x(u) = -5*u**3 - 2*u**3 - 4*u**2 + u**y + 5*u**3 + u. Calculate x(-4).
-4
Let p(s) = s**2 + 6*s + 2. Let x(y) = 0 - y - 1 - 2*y. Let r be x(-2). Let v be (r/4)/(1/(-4)). Determine p(v).
-3
Let z(m) = -m + 6. Suppose -4*u = u + h - 31, -5*h = 5*u - 15. Calculate z(u).
-1
Let v(i) be the third derivative of -i**6/120 - i**5/20 + i**4/8 - 2*i**3/3 - 10*i**2. Give v(-4).
0
Let b(w) = w**3 + w - 2. Let t be 4/(-18) + (-390)/(-54). Suppose -t = 5*o - 17. What is b(o)?
8
Let s = 13 - 18. Let a(l) be the first derivative of -5/2*l**2 + 7*l + 3 + 1/4*l**4 + 4/3*l**3. Determine a(s).
7
Let d(s) be the third derivative of s**5/60 + s**4/3 - 5*s**3/3 - 19*s**2. Give d(-10).
10
Let b = 8 - 8. Let w(l) = -2 - 4*l + 1 + b. Determine w(-2).
7
Let z = -9 - -11. Let j(s) = -3 + 7 - z*s + 4. Give j(7).
-6
Suppose -3*k + 2*s = -2, 0*s + s = 2*k - 2. Let o(g) = -10*g + 7. Let v(p) = -7*p + 5. Let f(b) = 5*o(b) - 7*v(b). Give f(k).
-2
Let m(u) = 10*u + 1. Let g(l) = 9*l + 8. Let v be g(-1). Calculate m(v).
-9
Let g = 24 + -19. Let w(m) = m**3 - 5*m**2 - 3*m + 5. Calculate w(g).
-10
Let o(f) be the third derivative of f**4/8 + f**3 - 9*f**2. What is o(-4)?
-6
Let a(t) = t**2 + 1. Let o(v) = 5*v + v**2 - 4*v**2 + v**2 + 1. Let w(n) = -a(n) - o(n). Determine w(6).
4
Let a(b) = b + 1. Let u(v) = -3. Let n(g) = a(g) + u(g). What is n(-2)?
-4
Suppose 5*s - 3*p = 8, -5*p = -2*s - 0*p - 12. Suppose 16 = -s*b - 8. Let x(k) = k - 1. Determine x(b).
-7
Suppose -s - 5*n = -5, 5*s - 26 = -n + 23. Suppose 0 - 35 = 5*a. Let x = s + a. Let t(v) = v**3 - 3*v**2 + v - 2. Give t(x).
1
Let j(v) = v**2 + 7*v - 11. Let u be j(-8). Let d be (u - -1) + (10 - 2). Let y(w) = w - 7. Give y(d).
-1
Let k = 139 + -3335/24. Let g(s) be the third derivative of 1/60*s**5 + 0 - s**3 + s**2 - k*s**4 + 0*s - 1/120*s**6. Give g(0).
-6
Let d(m) = 4*m**2 - 5*m + 6. Let s(i) = 12*i**2 - 14*i + 17. Let n(b) = -8*d(b) + 3*s(b). Calculate n(2).
15
Let i(b) = 58*b - 125*b + 66*b - 1. Determine i(0).
-1
Suppose -8*c + 3*c = 0. Suppose -4*p + 8 = -c*p. Let n(h) = 7 + h - 7*h**p - 6 - 3*h. Determine n(1).
-8
Let p(z) = 1 + 5*z**2 - 3 - z**3 + 1 - 5*z. Let h(x) = -x + 1. Let g(l) = 3*h(l) - p(l). What is g(3)?
-8
Let i(y) = y**3 + 12*y**2 + 9*y - 2. Let f be i(-11). Let a(j) = j - f - 19 + 22. What is a(0)?
-17
Let y(d) = 3*d**3 + 2*d**2 - 4*d + 1. Let n(q) = 6*q**3 + 5*q**2 - 9*q + 3. Let p(u) = -2*n(u) + 5*y(u). What is p(2)?
19
Let x(v) = 2*v - 2. Let i(c) = c**2 - 5*c - 1. Let z = 3 - -2. Let s be i(z). Let g(f) = 3*f**2 + f. Let n be g(s). Calculate x(n).
2
Let z(x) = 17*x. Let f(w) = 42*w. Let m(b) = -5*f(b) + 12*z(b). What is m(2)?
-12
Let o(v) = 14*v**3 + v + 1. Suppose 4*x = 5*n - 83, n = -0*x - x + 13. Suppose -4*p = -3*u - 11, -5 - n = 4*u. What is o(p)?
-14
Let p(y) be the first derivative of y**4/12 - 7*y**3/6 + 7*y**2/2 + 8*y + 7. Let w(z) be the first derivative of p(z). Calculate w(6).
1
Let r = -1 - -3. Let b be (8/7 - r)*-7. Suppose 5*a + 4*v = b, -2*v + 16 = 4*a - 8*a. Let w(z) = z**3 + 4*z**2 + 2*z - 1. What is w(a)?
3
Let q(g) = -5*g - 5. Let t(s) = 21*s + 20. Let c(u) = -9*q(u) - 2*t(u). Calculate c(-4).
-7
Suppose 2 = u - 2*n - 2, 2*u - 2*n = -2. Let p(q) = 2*q + 8. Determine p(u).
-4
Let i(w) be the third derivative of w**5/60 + w**4/12 + w**3/6 + 4*w**2. What is i(-3)?
4
Let s(y) = 4*y + 1. Suppose 10*q = 14*q + 8. Give s(q).
-7
Let c(h) = -1 + 0*h**3 - h**3 + 0*h**3 + 0*h**3 - 4*h - 6*h**2. What is c(-5)?
-6
Let g(i) = -i**3 - i + 5. Let t(v) be the second derivative of -1/2*v**2 + 0 - 2*v + 1/12*v**4 + 0*v**3. Let k be t(-1). Give g(k).
5
Let q(p) = p**2 + 6*p + 5. Let k be (-1)/(-4) + (-63)/12. Let y be k/(0 + 1 + 0). Determine q(y).
0
Let k(t) = 4*t**3 - t**2 + 1. Let m be k(1). Let s = m - 3. Let w(n) = 3*n**2. Determine w(s).
3
Let g = 135 - 133. Let m(u) be the first derivative of 1/2*u**g + u + u**3 - 3. Give m(-2).
11
Let f(i) = i**3 - 6*i**2 - i + 8. Let r be f(6). Let y(z) = 2 + 3*z + z**2 + 5*z**2 - 4*z**r + 2*z. Give y(-3).
5
Let z(k) = -k**2 - 5*k - 4. Let p(h) be the first derivative of -h**4/4 - 2*h**3 - 5*h**2/2 - 4*h + 1. Let d be p(-5). Let s be 18/d + 3/2. Determine z(s).
2
Let l(d) = -d + 1. Let v(p) = -p + 1 - 1 + 3. Let c(a) = a**2 - 12*a + 9. Let s be c(11). Let m(w) = s*l(w) - v(w). What is m(4)?
7
Suppose 2*p - 5*h + 31 = -p, -p - 15 = -4*h. Let u = 9 + p. Let z(n) = -n**3 + 3*n**2 - n - 1. Calculate z(u).
1
Let u(x) = 2*x. Let i be u(5). Suppose -15 - i = -5*j. Suppose 0*t = 5*t - 5*n - j, 5*t + 2*n + 23 = 0. Let p(m) = m**2 + 2*m + 3. Determine p(t).
6
Suppose 2*u - 18 = -u. Let x(r) = -r**3 + 5*r**2 + 4*r + 6. Give x(u).
-6
Let u be (-7)/(-3) - 4/(-6). Let v(a) = -a - a**2 + 4*a**3 - a**3 - 8*a**u - 1. Determine v(-1).
4
Let a(p) = -1 + 7*p**2 + 5*p**2 + 5*p**2 + 2. What is a(-1)?
18
Let x(s) = s**2 - 5*s - 4. Let u = 1 - -5. Let o be x(u). Let n be -2*(27/6 - o). Let l(k) = -k**2 - 5*k - 7. Determine l(n).
-7
Let c = 15 + -15. Let k(l) = -l - 5. Determine k(c).
-5
Let b(v) = v - 1. Let u be b(3). Let d(m) = -m + 1. Let x(c) = c**2 - 5*c + 2. Let k(p) = 4*d(p) - x(p). Determine k(u).
0
Suppose -5*h - 3*m + 3 = 22, m = -4*h - 18. Let o(y) = -2*y + 7. Give o(h).
17
Suppose -2*j + i + 25 = -2, 4*j + 3*i = 69. Suppose 2*w + 7*p + 12 = 3*p, -4*w - 